{"id":63,"date":"2019-02-18T14:53:17","date_gmt":"2019-02-18T14:53:17","guid":{"rendered":"http:\/\/besekull.sunfarm.se\/?page_id=63"},"modified":"2019-08-31T16:35:42","modified_gmt":"2019-08-31T16:35:42","slug":"om-besekull","status":"publish","type":"page","link":"https:\/\/besekull.se\/hem\/om-besekull\/","title":{"rendered":"Kraften i m\u00e4nsklig utveckling"},"content":{"rendered":"\n<p>Beh\u00f6ver du n\u00e5got av nedanst\u00e5ende?<br><br>\u25feSt\u00f6d f\u00f6r din egen eller din verksamhets utveckling?<br><br>\u25feVill du veta mer om likheter och olikheter mellan m\u00e4nniskor och varf\u00f6r vi ofta inte f\u00f6rst\u00e5r varandra?   <br><br>\u25feVill du l\u00e4ra mer om kommunikation och dess effekter p\u00e5 dig sj\u00e4lv och andra? Vill du \u00f6ka din f\u00f6rm\u00e5ga att kommunicera effektivt?  <\/p>\n\n\n\n<p>\u25feVill du veta mer om ledarskap och medarbetarskap och hur relationerna mellan ledare och f\u00f6ljare skapar en del av arbetsmilj\u00f6n b\u00e5de f\u00f6r de inblandade och f\u00f6r omgivningen?   <br><br>\u25feS\u00f6ker du st\u00f6d f\u00f6r utveckling av din ledningsgrupp, ditt arbetslag eller team.<\/p>\n\n\n\n<p>\u25feS\u00f6ker du mer kunskap om v\u00e5r utveckling som vuxna och hur detta p\u00e5verkar dig sj\u00e4lv, andra och v\u00e5r gemensamma tillvaro? <\/p>\n\n\n\n<ul class=\"wp-block-list\"><li>Vill du hitta ditt uttryckss\u00e4tt med hj\u00e4lp av pensel och f\u00e4rg &#8211; &#8221;Alla kan m\u00e5la&#8221;.<\/li><\/ul>\n\n\n\n<ul class=\"wp-block-list\"><li>Besekull \u00e4r en plats f\u00f6r vandringar, vila, varande och reflektion &#8211; h\u00e4r finns stugor och rum att hyra.<\/li><\/ul>\n\n\n\n<p>H\u00f6r av dig f\u00f6r att dela tankar om hur jag  skulle kunna bidra till dig och din situation.<\/p>\n\n\n\n<p class=\"has-small-font-size\"><em><strong><a href=\"?page_id=44\">Kontakta mig f\u00f6r mer info och bokning&#8230;<\/a><\/strong><\/em><br><\/p>\n","protected":false},"excerpt":{"rendered":"<p>Beh\u00f6ver du n\u00e5got av nedanst\u00e5ende? \u25feSt\u00f6d f\u00f6r din egen eller din verksamhets utveckling? \u25feVill du veta mer om likheter och olikheter mellan m\u00e4nniskor och varf\u00f6r vi ofta inte f\u00f6rst\u00e5r varandra? \u25feVill du l\u00e4ra mer om kommunikation och dess effekter p\u00e5 &hellip; <a href=\"https:\/\/besekull.se\/hem\/om-besekull\/\">Forts\u00e4tt l\u00e4sa <span class=\"meta-nav\">&rarr;<\/span><\/a> <a href=\"https:\/\/besekull.se\/hem\/om-besekull\/\">Forts\u00e4tt l\u00e4sa <span class=\"meta-nav\">&rarr;<\/span><\/a><\/p>\n","protected":false},"author":1,"featured_media":0,"parent":0,"menu_order":0,"comment_status":"closed","ping_status":"closed","template":"","meta":{"footnotes":""},"class_list":["post-63","page","type-page","status-publish","hentry"],"_links":{"self":[{"href":"https:\/\/besekull.se\/hem\/wp-json\/wp\/v2\/pages\/63","targetHints":{"allow":["GET"]}}],"collection":[{"href":"https:\/\/besekull.se\/hem\/wp-json\/wp\/v2\/pages"}],"about":[{"href":"https:\/\/besekull.se\/hem\/wp-json\/wp\/v2\/types\/page"}],"author":[{"embeddable":true,"href":"https:\/\/besekull.se\/hem\/wp-json\/wp\/v2\/users\/1"}],"replies":[{"embeddable":true,"href":"https:\/\/besekull.se\/hem\/wp-json\/wp\/v2\/comments?post=63"}],"version-history":[{"count":11,"href":"https:\/\/besekull.se\/hem\/wp-json\/wp\/v2\/pages\/63\/revisions"}],"predecessor-version":[{"id":624,"href":"https:\/\/besekull.se\/hem\/wp-json\/wp\/v2\/pages\/63\/revisions\/624"}],"wp:attachment":[{"href":"https:\/\/besekull.se\/hem\/wp-json\/wp\/v2\/media?parent=63"}],"curies":[{"name":"wp","href":"https:\/\/api.w.org\/{rel}","templated":true}]}}